 is -19 - (-50 + -15 + -1 + 11)?
36
What is the value of (12 - 6) + 8 - (4 - 4)?
14
What is -10 + (11 - -39) + -12?
28
Evaluate 8 + 18 + -3 + (4 - 2).
25
Calculate 3 - 2 - 3 - (-84 + 62) - 0.
20
What is the value of (-8 - (9 + 2 + -43)) + -6 - 12?
6
Calculate -59 - -51 - (4 - 1) - 10.
-21
Evaluate 12 + (-9 + 10 - 16).
-3
What is the value of 2 + (-11 - -23) + -2 + 3?
15
Evaluate -13 + (7 - -2) + 30.
26
What is -1 + (-15 - -8) - -2 - 9?
-15
What is (13 - -9) + 9 - (22 + -8)?
17
What is the value of (3 - 5 - 10 - 1) + 11?
-2
What is (-9 - -3 - -8 - 5) + (-5 - -1)?
-7
8 - -42 - -10 - 30
30
What is 49 + 29 + -66 + 20?
32
Calculate 8 - (1 + 6 + 2 + -9).
8
Evaluate 2 + -13 + 9 + -6 + 6.
-2
Calculate (-30 - -13) + 34 + -19.
-2
What is 2 - 3 - (22 - 30)?
7
Calculate -21 - (10 - 0 - 32).
1
What is the value of 5 - 36 - (-41 + 43)?
-33
What is -2 + 5 - (12 - ((3 - 4) + 9))?
-1
What is the value of 5 - 20 - (-8 - 15)?
8
What is -2 + (0 - -12 - 0) + -1?
9
-33 + 1 - 2 - (-791 + 783) - 0
-26
What is 22 - (-29 - -60) - 9?
-18
What is the value of -1 - (1 - (3 + 2)) - (-24 - -27)?
0
What is the value of -2 - (6 + (8 + -18 - (4 + -8)))?
-2
What is the value of (-2 - 14) + ((6 - 10) + 4 - -6)?
-10
Evaluate 1 - -4 - (-5 - 22 - -21) - -2.
13
What is the value of 0 + -7 - (16 - 15) - -3?
-5
What is -18 - (-55 + 57 + 1 + -4 + -3)?
-14
Calculate -10 - ((-3 - -1) + 10) - -7.
-11
What is the value of (0 - 5) + (-5 - -12) + -5 - 16?
-19
7 + -9 + 6 + (0 - 0) + 0
4
32 + 0 + -12 - (11 - 3)
12
Calculate 10 + 4 + (0 - -11) + -1 + -3.
21
Calculate 27 + (-28 + -25 - -40).
14
1 - (1 + -2) - (-37 + 16 + 19)
4
What is the value of 22 + (-30 - -4) + 20?
16
Evaluate 188 + -178 + -33 + -3 + 1 + 3.
-22
Evaluate (-10 + -12 - -14) + (-2 - -1) + 9.
0
13 - (-8 + (-12 - (-18 - -12)))
27
Calculate (-45 - -19) + 13 + 0.
-13
What is -29 + -3 + 16 + -8?
-24
Evaluate 4 + (14 + 3 - 10).
11
7 - (0 + (9 - 8) + 2 + -3)
7
Evaluate 7 + 0 - 10 - (-5 - 10).
12
What is the value of -3 - (-14 - -20) - -18 - 15?
-6
Calculate (-1 + 1 - ((3 - -7) + -14)) + 1.
5
(5 - (6 - 5)) + -10 + (-7 - -7)
-6
What is the value of (9 - 0) + (-305 - -303)?
7
-3 + -2 + 5 - (12 + -21 + 12)
-3
(24 - 6) + (31 - 17 - 14)
18
-158 - -160 - (1 + -2 - (-2 + -2))
-1
What is -3 + -6 - (9 + -17)?
-1
What is the value of (9 - 11 - (-7 - -1)) + -10 + -4?
-10
Calculate 15 + (-10 + 6 - -4 - -8) + -5.
18
Calculate 38 + (-8 - (-18 + 8) - 15).
25
Calculate 4 - (8 + 13) - -30.
13
Evaluate -3 + 8 - (-1 + 7).
-1
Calculate -3 + 19 - (3 - 13 - -13).
13
What is 2 + -3 - (-1 + (24 - 16))?
-8
Calculate -5 + 9 + 13 + -8.
9
Calculate -6 - (-1 - (5 + -3 - 5)).
-8
What is -12 + (23 - (12 - 1)) - (0 + -8)?
8
2 - 13 - (-1 + (7 - (4 + -6)))
-19
Evaluate (-7 + 14 - 27) + 20.
0
What is 5 + 7 + 15 + -8 + 3 + -1?
21
3 - (5 - (-4 + -5 + (3 - 0)))
-8
Calculate 4 + (5 - 13 - -16 - 30).
-18
Evaluate (3 - (98 - 101 - (0 + -10))) + -9.
-13
Evaluate 21 + -1 + (521 - 520).
21
Evaluate -7 + 4 - (-2 - -3).
-4
Evaluate 59 + -51 - (0 + 6).
2
What is the value of 1 + 6 + (2 - (2 + -6)) + -7?
6
What is -16 + (2 - -11) - 5?
-8
What is the value of (28 - 39 - -3) + 31?
23
(-18 - 1 - (87 + -98)) + 12
4
Evaluate (-1 - 2) + (71 - 57).
11
Calculate 5 + ((-14 - 1) + 13 - (0 + 1)).
2
What is the value of -29 + 14 + (4 - -2) - 7?
-16
Calculate 8 + (-3 - (14 - 2)) + 9.
2
Calculate -30 - -36 - (4 + (5 - 11)).
8
Calculate -6 + -1 + (1 - -8) + 4.
6
3 + (-15 - 1) + 1 + 14
2
What is 13 + 13 - 39 - -16?
3
What is 11 + 16 + (5 - 27)?
5
Calculate -29 + 1 - (36 - 45) - (-6 - -7).
-20
What is the value of -1 + 9 + (-9 - -13)?
12
(14 - 13 - -4) + -19
-14
What is the value of 15 + 14 + (-3 - 21)?
5
(7 + 2 - 4 - (-2 - -9)) + 0
-2
What is 2 - (2 - -7 - 1 - 22)?
16
What is the value of -4 + (2 - 0 - (-42 + 46)) - -23?
17
-19 - (-3 - 0) - (-319 + 322)
-19
What is -8 - -1 - (-1 + -1 - (-22 - -17))?
-10
What is the value of 15 + (-20 - -1) - -13?
9
Calculate (-8 - -4 - -4) + -17 + 23.
6
What is the value of (-16 + 39 - 16) + -1 + 6?
12
What is (7 - (-27 + -21)) + -41?
14
128 + -84 - (12 - -7)
25
What is the value of (3 - 12) + -11 - -5?
-15
-6 - (-25 + (-4 - (7 - 13)))
17
What is 54 - (16 + 47 + -27)?
18
What is 366 - 327 - (-2 - -23)?
18
What is the value of 26 + (-12 + 16 - -1 - 14)?
17
Calculate 10 + (22 - (-16 + 40)).
8
What is (-3 - -2) + (-61 - -42)?
-20
Evaluate -47 - (22 - 47) - -18.
-4
Calculate (-2 - (2 - 2)) + (3 - (30 - 18)).
-11
(-234 - -236) + 2 + -2 + 3
5
What is the value of 57 + 19 + -37 + -30?
9
What is -151 + 121 - (-4 - -4 - -3 - 4)?
-29
What is the value of -1 + 2 + (19 - (20 + -11))?
11
What is (-1 - 1) + (23 - 17 - -23 - 17)?
10
Calculate (0 - (-1 + -2)) + -11 + 1 - -3.
-4
What is the value of (11 - -7) + -6 + 10 + -7?
15
What is 6 + 14 + -4 - 7 - (30 - 12)?
-9
Calculate 12 + 12 + -30 - -9.
3
What is -13 + 1 - ((22 - -11) + -60)?
15
Evaluate 14 - (-7 + (27 - 13)).
7
0 - -1 - ((-1 - -8) + 30 + -21)
-15
Calculate 6 - ((6 - -2) + -4).
2
Calculate 35 - (9 - (18 - 22)).
22
Calculate 0 + 11 + -10 + 1 + 10 + 2.
14
What is 8 + 0 + (-11 - (24 - 16))?
-11
-2 + 0 + 1 + -2 + 8 + -16
-11
8 + (-38 - (-6 + 11 + -17))
-18
3 - (-8 + (6 - (0 - -6)))
11
Calculate -18 - (-27 - (-3 - (-10 - -20))).
-4
-15 - (13 - (-9 + 25))
-12
Calculate (-12 - (14 - 2)) + 13 - -25.
14
Evaluate 9 + (-16 + 8 - 22 - 5) + 2.
-24
What is -9 - (-14 - -8 - 3) - (-7 + 1)?
6
What is -28 - (-10 + -8 + 4)?
-14
Evaluate -15 - -3 - (2 + (0 - 2) + -1).
-11
What is 1 - 10 - (-20 - (-5 + -16))?
-10
-12 - -3 - (-10 + 7 + 8)
-14
Evaluate 13 - (33 - -3) - -38.
15
9 + 0 - (-20 + 15 + 6)
8
What is the value of (-6 - 33 - -4) + (-55 - -64)?
-26
-40 - (-36 + 27 + -8)
-23
What is the value of -36 - (-39 - (33 - 70))?
-34
Calculate 6 - -31 - 21 - 29.
-13
Evaluate (0 - -1) + 0 + 37 + (62 - 109).
-9
What is the value of -8 + 5 + 42 + -39?
0
Calculate 193 - 195 - (3 - (-3 + -9)).
-17
What is the value of -6 - (19 + (7 - 28 - -11))?
-15
Evaluate 1 + -24 - (1 - 13).
-11
4 - 0 - ((-8 - -14) + (1 - 9))
6
What is 1 + (1 + -2 - -1) + (-3871 - -3847)?
-23
What is the value of (2 + (-9 - (-12 - -5)) - -4) + -2?
2
Calculate -5 + (6 - (-5 + 2 + 12)).
-8
(-155 - -164) + (-1 - 4) + -1 - -8
11
((4 - -2) + -3 - (-14 - -19)) + 10
8
What is 2 + (-12 - (-30 - -14))?
6
Evaluate 5 + (33 + -32 - (0 + 12)) - -8.
2
What is the value of 30 + -2 + (-3 - (-24 + 38))?
11
(9 - (9 + 6)) + 2 + -4
-8
What is the value of 17 - 0 - ((-29 - -78) + -43)?
11
Calculate -45 + 23 + -26 + 26.
-22
Calculate (0 - 29) + (-192 - -235).
14
Calculate (-20 + 23 - (-8 - -3)) + -16.
-8
Calculate (26 - (4 - -3) - -1) + -6 + -1.
13
What is the value of 8 + -4 + 1 + -16 + 11 - 32?
-32
Evaluate (4 + -3 - (11 - 12)) + 11.
13
What is the value of 6 + 7 + (8 - (3 - 3) - 6)?
15
What is 1 + 18 - (27 + -1)?
-7
Evaluate -1 - 30 - ((0 - -6) + (-742 - -737)).
-32
Evaluate -4 + -3 - -15 - (-3 - 0).
11
4 - (8 + 3 + -5)
-2
Evaluate (-23 - (-46 + -11 + 33)) + 21 + 1.
23
Calculate (80 - 61) + 3 + -2 - 7.
13
What is -6 + 4 + (1 - 7 - (12 + -16))?
-4
Evaluate 12 + -14 + (-7 - (0 - 1) - -22).
14
What is -8 + (-16 - -32 - 19)?
-11
What is the value of 18 + (10 + -19 - -2)?
11
Evaluate -5 + 6 + 16 + -15 + 23.
25
Calculate -27 - (1 + (-11 - 1) - (-64 + 64)).
-16
Evaluate 39 + (-11 - (-13 - -13)) - 8.
20
4 - (3 + -7) - (17 - 12)
3
Evaluate 3 - (-17 + -11 + 23).
8
What is the value of 17 - (15 + -2) - (1 - (1 - -2))?
6
Calculate 17 + (1 - 15 - -11) + -17.
-3
What is -3 + (-4 - (4 + -6 - 3))?
-2
2 - (-3 - -13) - (-5 + -23)
20
Calculate 0 + 36 - (-196 - -216).
16
What is the value of -16 + (6 - (10 + -5))?
-15
What is the value of 3 + -2 + (11 - 4 - 4)?
4
What is the value of (0 + -1 - 12) + (-1 - 3)?
-17
(-2 + -2 - -2) + (3 - -5)
6
What is (63 - 41) + -6 + (0 + -2 - 9)?
5
9 - -18 - 8 - 18 - 0
1
What is the value of (2 - (-49 - -20)) + -9?
22
What is (1 + -11 - 1) + 16?
5
What is (-6 - -4) + -15 + 22 - (-5 - -11)?
-1
Calculate 21 + 1 - (602 + -573).
-7
What is -58 + 38 - (3 - 15)?
-8
Calculate (-19 - -5) + 1 + 2 + (-2 - -3).
-10
What is the value of -6 - (1 + 17 + -12)?
-12
What is the value of (-226 - -227) + (3 - 0)?
4
Evaluate (-3 - (-7 - -4)) + 7 - (-3 - -6).
4
Calculate 0 + (8 + -4 - 0).
4
What is the value of -2 + -13 + 7 + 1?
-7
21 - (3 + -5 + 6)
17
What is the value of 0 + -10 + 6 + 7 - 6 - -1?
-2
Calc